c(-5)?
6
Let y(t) = -12*t + 19. Let w(r) = -21*r + 36. Let v(k) = -5*w(k) + 9*y(k). Calculate v(-3).
0
Let n(c) be the second derivative of -5*c**3/6 - c**2/2 - 4*c. Let w be 1/1*(18 - -16). Let o = -35 + w. Determine n(o).
4
Let k(y) = -y - 10. Let t(m) = 11*m - 51. Let g be t(4). Calculate k(g).
-3
Let t = 98 - 18. Let d(r) = -41 - 40 - r - r**3 + t + 5*r**2. Let a(i) = 6*i - 1. Let x be a(1). Calculate d(x).
-6
Let b(t) = -4*t**2 + 71*t - 145. Let r(a) = a**2 - 18*a + 37. Let j(h) = 6*b(h) + 23*r(h). Calculate j(10).
1
Let d be 20*(-180)/(-192) - (-2)/8. Let b(g) = g**2 - 18*g - 23. What is b(d)?
-4
Let d = 113 - 106. Let w(l) = 3*l + 10. Calculate w(d).
31
Suppose -f - 5 = -0*f. Let o(l) be the third derivative of -l**6/120 - l**5/10 - l**4/6 - l**3 + 3*l**2. Calculate o(f).
-11
Suppose 12*j = 7*j + 25. Let p(c) = -4*c**2 - j*c + 2*c - 2*c**2 + 7*c**2 - 3. What is p(5)?
7
Let u(l) be the first derivative of l**2/2 + 3*l - 89. What is u(-4)?
-1
Let c be 11*(10 - 9) - 8. Let p(s) = -6*s + 10. Calculate p(c).
-8
Let z(m) = m - 11. Let d be z(-10). Let x = 21 + d. Let p(v) = x + v + v**2 - 3 + 4*v. Give p(-4).
-7
Let f(g) = -g**3 + 5*g**2 - 4*g + 1. Let s(m) = -m**3 + m**2 + m + 1. Let d(u) = u**3 - 1. Let v(y) = -2*d(y) - 3*s(y). Let h be v(4). What is f(h)?
7
Suppose -4*y + 5 = -5*y, -4*c - 11 = -y. Let b(o) = o**2 - o - 12. Give b(c).
8
Let p(j) = j**3 - 10*j**2 - 2*j + 23. Let m be p(10). Let q(f) = 17*f**2 - 5*f**2 + 1 - 11*f**2 + m*f. Suppose 2*c + 8*g - 3*g = -31, -5 = g. What is q(c)?
1
Suppose -37*v = -9*v - 364. Let x(j) = 3*j - 32. Give x(v).
7
Let i(s) = -3*s + 2. Suppose 16 + 2 = b. Let z = b + -12. Determine i(z).
-16
Let j(h) = -1. Let n(o) = 3*o**2 - 2*o + 5. Suppose 3*g + 24 = -3*g. Let d(t) = g*j(t) - n(t). Calculate d(1).
-2
Let w(t) = 3*t + 1. Let n(f) = -3*f. Let z(g) = -5*n(g) - 4*w(g). Let c(r) = -2*r**2 + 256*r - 1469. Let v be c(122). Calculate z(v).
-19
Let z(i) be the third derivative of i**6/120 - i**5/60 + i**4/24 - i**3/3 + 28*i**2. Suppose -9 = -3*u - 3. Calculate z(u).
4
Let x(n) = -n. Let d(o) = -7*o**2 - 6*o - 1. Let p(b) = -d(b) + 4*x(b). Give p(-1).
6
Let i(k) = 33*k - 37. Let x(n) = 20*n - 19. Let l(h) = 3*i(h) - 5*x(h). Determine l(-20).
4
Let l(t) = -10*t - t**2 + 11*t - 4*t. Let m = 15 - 13. Suppose -n + m*n = 4*u - 23, -u + 5 = 0. Calculate l(n).
0
Suppose 140 = -1603*l + 1589*l. Let z(u) = -u**3 + u**2 - 1. Let w(a) = a**3 - 11*a**2 + 9*a - 4. Let t(j) = -w(j) - 2*z(j). Calculate t(l).
-4
Let b(t) = t**3 - 4*t**2 + 3. Let g be b(4). Suppose 5*c = g*n + 2*c + 15, 3*c + 13 = -4*n. Let k = 5 + n. Let v(l) = -12*l**2 + 2*l - 1. What is v(k)?
-11
Let k = -2 - -6. Let z(b) = -3*b**3 + 25*b**2 + 17*b + 19. Let r be z(9). Let o = r - k. Let j(p) = 2*p. Give j(o).
12
Let z(q) be the third derivative of q**7/840 + 7*q**6/360 - 7*q**5/120 + q**4/24 - 2*q**3/3 - 9*q**2. Let w(v) be the first derivative of z(v). Give w(-8).
-7
Suppose 2*r - 6 = 2. Let j(m) = -18*m - 14. Let v(y) = -7*y - 7. Let i(s) = -2*j(s) + 5*v(s). Calculate i(r).
-3
Let s(v) = 46*v - 10. Let m(b) = -9*b + 2. Suppose 7*y + 276 = y. Let f = y - -30. Let q(i) = f*m(i) - 3*s(i). Give q(3).
16
Suppose 0*b + 2*m = -b + 3, 2*m - 12 = 2*b. Let x(c) = 3 + 41*c**3 + 3*c**2 - 40*c**3 + 42445*c - 42442*c. What is x(b)?
-6
Let u(h) = 0*h**3 - 4*h - 2*h**3 + 5*h**3 - 4*h**3 - 2 - 3*h**2. Let i be u(-2). Let w(s) = -5*s**2 + 0*s**i - 40 + 39 - 2*s. Calculate w(-1).
-4
Let b(q) be the third derivative of q**8/20160 + q**7/2520 - q**6/240 - q**5/3 - 3*q**2. Let g(i) be the third derivative of b(i). Calculate g(-4).
5
Let d(p) be the second derivative of -p**5/20 + 11*p**4/12 - p**3/3 + 8*p**2 - 10*p. Give d(11).
-6
Let a(n) = n + 10. Let s be 8*(-6 - -4)/4. Let w = s - 3. Give a(w).
3
Let l(i) be the first derivative of -i**4/4 + 2*i**3 + 7*i**2/2 + 2*i - 888. Calculate l(6).
44
Let c be (-2)/9 + 60/27. Let b(k) = -7 + 4*k**c + 11*k - 6*k + 0*k**2 - k**3 + 2*k. What is b(5)?
3
Let r(y) = -y**2 + 6. Let i = -29 + 31. Suppose 7*o + 3 = i*o - 3*k, -1 = 3*o + k. Determine r(o).
6
Let k = -5 + 7. Suppose 0 = -5*w - k*i + 15, 17 = 5*w - 4*i + 2. Let t(g) = 3*g**2 - 2*g + 2*g**2 + 1 + 3*g**3 - 2*g**w - 5. What is t(-5)?
6
Let b(g) = g**3 + g + 1. Let n(z) = 4*z**3 + 3*z**2 + 2*z + 10. Let p(j) = -5*b(j) + n(j). Let r be p(2). Let a(m) = m**2 + 1. Give a(r).
10
Let z = -3 + 7. Let f(b) be the third derivative of b**6/120 - b**5/12 - b**4/12 + b**3 + 1094*b**2. Calculate f(z).
-18
Let c(h) be the third derivative of h**5/60 + h**4/6 + h**3/3 - 4*h**2. Let y(p) = -p**2 + 5*p - 2. Let u be y(5). Let q be (1/(-2))/(u/(-20)). What is c(q)?
7
Let l(d) = -4*d - 3. Let b = 25 + -19. Suppose 5*z - 5*g + 15 = 0, 5*z + b*g - g - 15 = 0. Let h(x) = x**3 - x**2 - 2. Let p be h(z). Determine l(p).
5
Let w = 10 - -2. Let l(y) = -y**3 - w*y**2 + 0 + 7*y**2 + 5 - 4*y + 0*y. Calculate l(-4).
5
Let k(s) = -24*s. Let l = 190 + -189. Give k(l).
-24
Let y(u) be the second derivative of -u**6/180 - u**5/120 + 19*u**4/12 + 7*u. Let l(a) be the third derivative of y(a). What is l(-2)?
7
Let j(a) = a**2 + 2*a - 3. Suppose -3*y = 2*i + 20, -4*y + y - 3*i - 18 = 0. Let r be 0 + 4 + y/4. Calculate j(r).
5
Let j(f) = 2*f**3 - 9*f**2 - 2*f + 3. Let v be j(4). Let l(w) = 2*w + 41. Let k be l(v). Let t(r) = 4 + 7*r**2 + 2*r + 0*r**2 - 3. Give t(k).
6
Let o(p) = 4*p - 3 - 2*p**2 + p**2 + 5. Let d(w) = w**3 + 18*w**2 + w + 24. Let s be d(-18). What is o(s)?
-10
Let d = -89 + 133. Let k(c) = -8 + d*c + 43*c - 88*c - 3. What is k(-6)?
-5
Let h(j) = -4*j - 1. Let n(g) = -g - 2*g + 4 + 7*g - 3*g. Let f be n(-3). Give h(f).
-5
Let a(f) = -2*f - 7. Let j(y) = -3*y - 10. Let w(k) = 8*a(k) - 5*j(k). Determine w(-5).
-1
Let q = 32 - 30. Let l(z) = 4 - 3*z**q - 9 + 2*z**2 - 9*z. Calculate l(-7).
9
Suppose -2 = 3*w + 10, -2*t = 4*w + 26. Let p(i) = i. Let k(h) = -8*h - 4. Let j(b) = k(b) + 6*p(b). Determine j(t).
6
Let s(m) = -2 - 2 - m**2 + 2*m**2. Let q = 76 + -43. Let n = q + -33. Determine s(n).
-4
Let p = 5 + 9. Suppose -p*v + 4 = 32. Let j(h) = -h**3 + h + 2. Determine j(v).
8
Let y(t) = t**3 - 5*t**2 + 4*t**2 + 0*t**2 + 8*t**2 - 9. What is y(-7)?
-9
Suppose -z = -6*w + 3*w - 26, -3*w + 4*z = 41. Suppose -3*c - 12 = -p, 3*p - 2 = p - 5*c. Let o(q) = 1 - p + 5 + 2*q + 2. What is o(w)?
-12
Let f(j) = -j**2 + 8*j + 85. Let t be f(14). Let g(x) = -5*x**2 + 3*x - 2. What is g(t)?
-4
Let v(s) = s**2. Let b(z) = -2*z**2 + 7*z + 1. Let f(l) = b(l) + 3*v(l). Let g = -1 - 4. Let i be (g/3)/((-1)/(-3)). Give f(i).
-9
Let r(j) = 3*j**3 - 6*j**2 - 4*j + 1. Let y(l) = -2*l**3 - 2*l - 1. Let t(k) = r(k) + 2*y(k). What is t(-3)?
-4
Let m(k) = k + 16. Let v(h) = -10*h**2 + h - 2. Let r be v(1). Calculate m(r).
5
Let i(q) = 8*q + 4 - q**2 - 4 - 10. Let t be i(7). Let r(m) = -m**3 - 3*m**2 + m + 2. Determine r(t).
-1
Let g(l) = -l**3 + 25*l**2 + 25*l + 32. Let n(f) = -2*f**3 + 31*f**2 - 118*f + 10. Let j be n(8). Determine g(j).
6
Let x(c) be the first derivative of -2*c**2 - 17*c + 919. Determine x(-12).
31
Let b(p) = p**3 + 3*p**2 - 1. Suppose -13 + 22 = -3*k + w, 5*k = 2*w - 15. Determine b(k).
-1
Let o(s) = -s**2 - 6*s - 5. Let g be (-10)/18*3/1*3. Give o(g).
0
Let b(d) be the third derivative of -d**4/24 - d**3/3 - 4*d**2. Let y = 20 + -12. Calculate b(y).
-10
Let v be (-26)/(-8)*1 - (-3840)/(-3072). Suppose 2*m - 25 = -3*m. Let r(n) = n + m*n + 0*n. Determine r(v).
12
Let f(z) = 14*z**3 + z**2 - 4*z + 2. Let n be 7/(77/11) + 0. Calculate f(n).
13
Let g(h) = h**2 + 2*h + 3. Suppose 4 + 7 = 11*u. Suppose 5*c + 8 = -j, 3*c - 5*j + 16 = -0*c. Let s = c - u. Give g(s).
6
Let c(f) = f**2 + f + 4. Let v be c(0). Let r(i) = -1. Let h(j) = -2*j + 10. Let b(y) = -h(y) - 6*r(y). Determine b(v).
4
Let b(o) = -o**3 - 3*o**2 + 5*o + 4. Suppose 2*m + 14 = 4*r, -r - m + 5 = -0*m. Suppose -r*w - 17 = -1. Give b(w).
0
Let c(x) = 5*x**3 - 10*x - 4*x**3 + 12*x - 3*x + 6*x**2 - 7. Determine c(-6).
-1
Let d(j) be the third derivative of -j**4/24 + j**3 + j**2. Suppose n + 5*n = 0. Suppose n = -0*t - 4*t. Give d(t).
6
Let v be (8/(-6))/(14/(-21)). Let z(q) = -q**v - 2 + 4 + 3 - 9*q + 16*q. Give z(6).
11
Let u(g) be the first derivative of g**3/3 - g**2/2 - 10*g - 394. Determine u(8).
46
Let h(g) = -11*g**3 + 3*g**2 - 3*g + 3. Let q(j) = 